- -172?
68
What is the value of -17 - (-15 + -15 - -17 - (-46 + 3))?
-47
1 - -24 - (1425 + -1399) - -7
6
Evaluate 30 + (145 - (157 + -68)).
86
What is 34 + (-11 + 2 - ((1 - 16) + 8 + -4))?
36
119 + -114 - (12 + -16)
9
Evaluate -4314 + 4297 - (-32 - 1).
16
What is the value of (56 + -158 - -107) + -56 + 1?
-50
Evaluate -11 - ((32 + (-17 - -10) + -14 - -1) + 99).
-122
What is the value of -555 + 573 + (-111 - -6) + -1 + -18?
-106
What is the value of -12 - (10 - (-7 - (-16 - (-3 - 0))))?
-16
Evaluate -1 + 20 + (467 - 486) + -10.
-10
(6 - -1 - (-7 + 8)) + (-52 - (3 + 21))
-70
Evaluate 53 + (-4 - 13) - 41.
-5
(3 - (24 - 9)) + (5 + 0 - -8)
1
-645 - -560 - (-136 - 18)
69
Evaluate (58 - 30) + -46 - 1.
-19
Calculate -5 - (16 + -42) - (30 + -2).
-7
What is the value of -63 + 14 + 52 + -98?
-95
Calculate 50 - (2 - (5 - 9) - -10).
34
What is -139 + (35 - (-76 - 100))?
72
What is (13 + -2 - (-34 + (-25 - -55))) + 0?
15
Evaluate (49 - -1) + (-808 - -694) - (1 - 8).
-57
Calculate 3 + -16 + 28 - (-9 - -42).
-18
97 - (-7 + 47 - -21)
36
What is (0 - -4 - 1) + 457 + -504 - -18?
-26
Evaluate 26 + (-2 - -26 - 27) + -86.
-63
Evaluate 5 - ((-73 - -72) + (-3 + 1 - 43)).
51
(-52 - (48 + 35)) + 73
-62
What is -59 - 6 - (-4 + (-12 + 4 - -2) - 2)?
-53
What is the value of -16 - (-18 + (-25 - (-62 - -4)))?
-31
-37 + (-1 + 10 - (99 + -129))
2
What is 54 + -51 + (38 - 42)?
-1
Evaluate (2 - -41) + (704 - 686).
61
Evaluate -22 + -6 - (-39 - (40 - 54)).
-3
Evaluate (-2 - 44 - 3) + -1 + 9 + (221 - 228).
-48
Evaluate (-7 - -13) + (-9 - -12) + 37 + (-1 - -2).
47
Calculate (35 - 1) + (-3744 - -3675) - (0 - 20).
-15
What is 13 + (-52 - (-1 + -9 + (-16 - -32)))?
-45
Evaluate -7 + -2 - (21 + (3 - -5) + 12).
-50
-54 + 0 - (34 + -23 + -12 + -5)
-48
What is the value of -3 + -56 + (-638 - -672)?
-25
Evaluate 2 + 4 + 7 - (181 - 167).
-1
What is the value of 0 - (5 + 0) - (10 + -9 + -38)?
32
What is -1 + 21 + (-16 + 10 - 38)?
-24
What is the value of (12 + 14 - 3) + -14?
9
10 + (-131 - -95) + (-4 - (-2 - 1))
-27
What is -12 - -2 - (1145 - 1193)?
38
30 + -15 - ((-7 - -12) + 12) - (39 + -1)
-40
What is the value of -5103 - -5095 - (0 - (-1 - (-5 + 2)))?
-6
-1 + -19 - (16 - (41 - 18))
-13
Calculate -13 + -1 + -88 + 68 + 0.
-34
(-15 - -48 - (-25 - -55)) + -26 + -1
-24
Calculate -4823 + 4956 + (-2 - 66).
65
Calculate 8 + 3 + -1 - (-15 + (-7 - -31)).
1
What is -28 + (12 - -1 - ((1 - 8) + 15))?
-23
What is the value of 22 + (-15 - (-32 - -11)) - (0 + 3) - 1?
24
Evaluate -16 + -1 + (-2103 - -2095).
-25
What is the value of -162 - (4 + -35 + 4 + 9)?
-144
Evaluate 51 - 21 - (-10 + 46).
-6
Calculate 36 + 8 + -30 + 13 + -10.
17
What is (-118 - -114) + -11 + -18?
-33
What is the value of -44 - -198 - 48 - 61?
45
Evaluate (-9 - 2) + -1 + (297 - 276) + -37 + -2.
-30
Evaluate 4 - (50 + (-15 - -1)).
-32
3370 - 3446 - (0 + -128)
52
7 - ((149 - 153) + 0 + 22) - -42
31
What is the value of 1 + (-4 - -7) - (-765 + 767)?
2
What is 88 + 154 + -96 + -276?
-130
Calculate 24 - (-26 + 24 + 27 + 49).
-50
What is the value of 11 - (89 + 19 + -39)?
-58
Evaluate 52 + 64 + (35 - 177).
-26
What is 23 + (8 - -7 - 6 - ((3 - 1) + -4))?
34
What is 67 + 3 - 35 - 34?
1
What is 164 - 100 - (1 + -8 - 15)?
86
What is the value of -101 + (-19 - -103) + -49 + -1?
-67
Calculate 0 + (50 - -3) + 1 - (-4 - (-1 - -4)).
61
Evaluate (-3 - 3 - -1) + -4 + 2 - 9.
-16
Calculate -89 + 40 + -10 + 12 + -7 + 1.
-53
-4 + -50 + (21 - 28)
-61
(-16 - -16) + (2 - -11) + -10 + 6
9
Calculate -117 + 132 + (-166 - -70).
-81
What is the value of (-215 - -230) + -67 + (-5 - -9) + -4?
-52
What is the value of 61 + (-283 - -202) + -28 + 0?
-48
What is the value of -39 + -12 + (-5 - (-1 - 18)) + (-14 - -8)?
-43
What is the value of -55 - -46 - 50 - (0 + -2 - -14)?
-71
Evaluate (-60 - (-3 + 3) - (-79 + 81)) + -19.
-81
What is the value of -7 - (26 - 16) - -43 - (9 - (0 + 2))?
19
Calculate -3 + 20 + (42 - (-1 + 21)).
39
Calculate -49 - (-22 + 91 + -40 + -16).
-62
What is (-1 - -1) + 15 + -10 + -2234 + 2260?
31
Calculate (2680 - 2706) + (32 - 2) + 2.
6
25 - (21 + (-8 - -17))
-5
What is the value of -1 - (-4 + -13 - (61 - 96))?
-19
Evaluate -50 + (-15 - 14) + 7 + (6 - -1).
-65
What is the value of -37 - -20 - ((22 - 29) + (2 - 0) - -6)?
-18
39 - (5 - (1 - -21 - (3 - -11)))
42
Evaluate 31 + -16 + 62 + -103.
-26
What is the value of (-12 - -8) + (10 - 17) + 31 + -7?
13
44 + (-68 - -85) - 39
22
What is 42 + -55 + ((-11 + 4 - -15) + -5 - -69)?
59
(10 + (54 - 26) - 22) + (-50 - 2)
-36
What is the value of (-1 - 3) + (24 + 1 - (-1784 - -1808))?
-3
(79 - -122 - 65) + -161
-25
Evaluate (47 - 79 - -79) + (-50 - -13).
10
What is the value of 36 + (-30 - 35) - -37?
8
Evaluate 1 + -5 + -3 + 5 - (-261 - -349).
-90
What is the value of (10 - 70 - -72) + -29?
-17
11 + (-28 - (8 + -14)) + 102 + -36
55
Evaluate 35 - ((-18 - 0) + 19).
34
What is -115 + 87 - (-171 + 37)?
106
Evaluate -91 - (-99 - -54 - -27).
-73
Evaluate (-7 - 3 - (5 - (5 + (-13 - -36)))) + -72.
-59
What is 4676 - 4706 - (65 + (3 - 3))?
-95
Calculate -22 - (-34 + 16) - (14 - 18).
0
What is the value of 8 - (-17 + 40 + 8 + 0) - -5?
-18
Calculate 1 + (-66 - 2) + 17 + (0 - 3) + -17.
-70
What is -101 - (23 + -222 + 73)?
25
Evaluate 47 + (-66 + -9 - -34).
6
What is the value of 80 + -84 + 210 + -72?
134
Evaluate 9 + (-2 - -2) + (14 - (65 + -31)).
-11
Calculate -56 - (-56 - 7) - (-2 + -1 - -16).
-6
Calculate -31 - (-47 - (-30 - -89)).
75
(4 + 10 + 3 + -8 - -7) + -12
4
Calculate 92 + (22 - 50) + -100.
-36
Evaluate -22 + 26 + -8 + 4 + 28.
28
Calculate 14 - (-29 + 16 + 12).
15
What is 112 + -71 - ((0 - -1) + (26 - 20))?
34
(-18 - (23 - -10)) + (-25 + 29 - (8 + -1))
-54
What is the value of 1 - -11 - -12 - ((-1 - -8) + -19)?
36
Calculate 6 + -11 - (25 - 32 - -56).
-54
13 + (13 - -8) + -4 + 0
30
What is the value of 22 + -26 - (-10 - (-1 - (9 - 11)))?
7
What is -9 + (70 - 40) + (-5 - 66)?
-50
What is the value of (-4 - -6) + (8 - 3) - (5 + 45)?
-43
What is the value of (1 - 1 - 7) + -10634 + 10627?
-14
Evaluate (19 - 19) + 0 + (0 - -1) + -51 + -16.
-66
Evaluate -1 + -41 - (-1368 - -1293).
33
What is -105 + (14 - 18) - (-39 - -6)?
-76
What is (11 - -93) + (112 - 106) - 4?
106
What is the value of -19 + (15 - (34 + -2)) + 92?
56
Calculate (5 - 9) + 29 + -7 - 28.
-10
-2385 + 2390 + -4 + -5 + 5 + (0 - -69)
70
(7 - (4 + -13)) + -2 + (-3 - 2)
9
Evaluate 18 + ((-9 - -9) + -90 - 0).
-72
Calculate 29 + 25 + -44 + 16 + 6.
32
What is the value of 73 + -104 + 52 + (3 - 20 - -3)?
7
(-5 - -7 - 27) + -4 + 2 + -13
-40
Calculate -630 + 647 + -22 + (2 - 8).
-11
What is the value of (4 - 24) + (3 - 3 - 27)?
-47
Evaluate -238 - -246 - (-12 + 14 + -2 + 0 - 56).
64
Evaluate 3 + (3 - 9) + (-45 - (-2 + -20 + 2)).
-28
What is the value of 8 - 1 - (3 + (-34 - (7 - 3)))?
42
Calculate (36 - (-12 + (5 - (5 + -22)))) + 10.
36
What is the value of 20 + -14 + (-16 - 32) - 42?
-84
Calculate -28 + -49 + 122 + -18.
27
What is the value of 2 + (-36 + 17 - 17)?
-34
What is 1 - -52 - (37 + 8)?
8
What is -3 - (79 - 58 - 72 - (-9 - -1))?
40
Calculate (-14 - -10) + -8 - ((0 - (-15 - -11)) + -70).
54
Calculate -5 - (27 + -3) - (-1130 - -1117).
-16
Calculate 34 + 14 + -59 - (-2 - (-63 - -7)).
-65
What is the value of (22 + -2 + -29 - (0 + -25)) + -3 - -50?
63
19 + 7 + (-18 - (17 - 17)) + -120 + -1
-113
Evaluate -5 - (7 + -29 - (-11 - 2)).
4
What is the value of 3 + (-9 - 4 - 23 - -13) + 44?
24
Calculate -6 + 11 + -13 - (-19 + -5 + -118).
134
What is -33 + (24 - (-7 + 15)) + 15?
-2
Evaluate (53 - 0) + -2 + 3 - 4 - (572 + -562).
40
Evaluate 105 + -35 + 76 + (10 - 40).
116
Calculate 3 - 6 - -7 - (8 + -14 + 0 + 2).
8
What is -2 + -29 + (46 - (14 + 15)) + -63 + -2?
-79
Calculate 7 + (1 - 2 - 5) - (70 - (0 + 3)).
-66
Evaluate -2 + 3 + 21 + (724 - 710).
36
(5 + -12 - 9) + 20 + (6 - (86 - 3))
-73
What is the value of -1187 + 1218 + -2 + -2?
27
Evaluate 581 + -552 - (4 - -2 - -3).
20
What is the value of (-29 + (2 - (-6 - -1)) - -11) + (2 - -10)?
1
What is the value of 11 + -1 + -12 + (0 - -1) - -29?
28
What is 32 - (-7 - (-232 - -110))?
-83
What is the value of -26 + 98 + (19 - 74)?
17
What is the value of (1 - 94) + 46 + 34 + -62 - -9?
-66
-29 + -33 + 110 + -43
5
Calculate -101 + (29 + 15 + -26 - 33) + 28.
-88
What is the value of -7 + 2 + -205 + (94 - 15)?
-131
What is